r of 30 and z.
6
Suppose 205 = 4*j - 79. Suppose 5*b - j = -41. Calculate the greatest common factor of 2 and b.
2
Let j(i) = 6*i**2 + 7*i - 12. Let s be j(-6). Suppose 112*q + s = 113*q. What is the highest common factor of 36 and q?
18
Suppose -3*a = -291 + 90. Let o be a + 12/3 + -1. Let x(z) = 3*z**2 - 2. Let h be x(2). Calculate the highest common divisor of h and o.
10
Suppose -y = -3*t - t - 27, t + 12 = y. What is the greatest common factor of y and 1?
1
Suppose 5*g + 37 - 1242 = -5*a, 0 = -4*a - 12. What is the greatest common divisor of g and 183?
61
Let v(k) be the third derivative of k**5/60 - k**4/24 - 4*k**2. Suppose 3*p + 4 = 19. Let j be v(p). Calculate the greatest common factor of 4 and j.
4
Suppose -13*w = -18*w + 1755. What is the highest common divisor of w and 9?
9
Suppose -3*d = -13 - 14. Suppose 24 - 132 = 5*i + 3*k, -2*i - 44 = 2*k. Let a be 2/1*i/(-14). What is the highest common factor of a and d?
3
Suppose -y = 5*a - 163, a + 122 = 5*a - 2*y. Let o = 76 - 63. Let n = a - o. What is the greatest common factor of n and 57?
19
Let m = -528 + 542. Calculate the highest common factor of m and 280.
14
Let z = -61 - -66. Suppose z*y = -10 + 50. Suppose 0 = 4*g - 20, -3*g + 13 = -s + 70. What is the greatest common divisor of s and y?
8
Let z(c) = -c + 25. Let k be z(8). Suppose -3*b - k = -4*u - 78, -5*b + 155 = 4*u. Calculate the greatest common divisor of 243 and b.
27
Suppose 0 = -2*n + n - w + 14, -3*n = 2*w - 38. Suppose 0 = -p - 4 + n. What is the greatest common factor of 36 and p?
6
Let p(j) = -3*j**3 - 2. Suppose 8 = -3*t + 2. Let h be p(t). Let u(m) = 2*m - 11. Let o be u(11). Calculate the greatest common divisor of h and o.
11
Let w = 39 + -35. Suppose 0*x + w = -x, -2*x = u - 104. Calculate the highest common factor of 14 and u.
14
Suppose 7*r - 3*r - 434 = -3*i, 3*i - 432 = -3*r. Let z = 168 - i. What is the greatest common divisor of z and 52?
26
Let x be 1 + 3/3 - -16. Let l = x + 24. Let g = 129 + -24. Calculate the highest common factor of g and l.
21
Suppose i - 1087 = -4*t, 4*t + 3*i - i - 1086 = 0. Calculate the greatest common factor of 17 and t.
17
Suppose -184 - 4 = -4*j. Let c = j - -3. What is the highest common divisor of c and 20?
10
Let v = -67 - -97. Suppose 0 = 4*x - 102 + v. Suppose 0 = -4*m - 16, 0 = -6*o + o + m + 94. Calculate the highest common divisor of x and o.
18
Suppose -34*x + 426 - 154 = 0. Suppose 4*d = 9*d - 40. What is the highest common divisor of x and d?
8
Let a be 418/5 + (-50)/(-125). Let h = 79 + -51. What is the greatest common factor of h and a?
28
Let w be -3*5*(-16)/48. Suppose -w*m - 2*r + 68 = 0, 4*m = 5*r + 44 - 16. What is the greatest common factor of m and 60?
12
Suppose -29 = -4*k + 19. Suppose s + j - k = 8, 5*s - 5*j - 130 = 0. What is the greatest common factor of 46 and s?
23
Let b = -3 - -30. Let t be (-3 - b/(-6))/((-5)/(-130)). Calculate the greatest common factor of t and 39.
39
Let q(i) = 2*i - 11. Suppose -4 = 2*t - 20. Let o be q(t). Calculate the highest common factor of o and 35.
5
Suppose 4*a - 17*a - 39 = 0. Let x be a + 17/7 + 1040/56. Let u(g) = -g**3 + 3*g**2 + g - 1. Let f be u(3). Calculate the greatest common divisor of f and x.
2
Suppose -5*a + 255 = -3*j, -3*a + 3*j - 69 = -4*a. Suppose -5*v + 13 = 3*m, 0*m - 8 = -2*m - 4*v. What is the greatest common factor of a and m?
6
Suppose -d + 5*h - 2 = 0, -4*h - 1 = -d - 2. Let n be ((-27)/3)/d - -13. Suppose -5*l = -n, -3*u - u + 50 = l. What is the highest common divisor of u and 84?
12
Suppose v - 4*o + 12 = -v, -2*o = -8. Suppose 51 = p + 3*a, -3*p = -p - v*a - 62. Calculate the greatest common factor of 144 and p.
36
Suppose -37*j = 16312 - 68038. What is the highest common divisor of 6 and j?
6
Suppose -88*t + 1512 = -76*t. What is the highest common factor of t and 112?
14
Let j be ((-10)/5)/((-4)/118). Let v be (-12)/(-48) + j/4. Calculate the greatest common divisor of 30 and v.
15
Suppose s = -3*t + 134, -46*t = s - 49*t - 152. Calculate the highest common divisor of s and 66.
11
Let o = 17 - 22. Let u(h) = -h. Let w be u(o). Suppose 0 = j + w*z - 1, -5*z - 6 - 29 = -5*j. What is the highest common factor of j and 2?
2
Let x be 3*(-25 - (-5 + 4)). Let h = x + 79. Suppose 5*p + 2*i - 179 = 0, 0*p - 111 = -3*p - 3*i. What is the greatest common factor of h and p?
7
Let o(j) be the third derivative of j**5/12 + j**4/24 - j**3/3 + 5*j**2. Let a be o(2). Calculate the highest common factor of a and 4.
4
Let l = -13 - -39. Suppose -60*n + 59*n = -l. What is the greatest common divisor of n and 39?
13
Suppose -22 = p - 1. Let z = 73 + p. What is the greatest common divisor of 130 and z?
26
Let o(g) = 4*g**2 - 2*g - 3. Let z be o(5). Let p = z - 67. Calculate the greatest common divisor of 40 and p.
20
Suppose -1 = -c - 2*u, 4*c + 2*u - 7*u - 30 = 0. Suppose 90 = c*p - 0*p. What is the greatest common divisor of 54 and p?
18
Let f = 197 - 137. Suppose w - f = -2*w. Suppose m - 100 = -3*j + 45, 0 = 5*m - 2*j - 810. Calculate the highest common factor of w and m.
20
Suppose 2*q - 4*n = -0*q - 4, 4*q - 10 = 2*n. Suppose 5*g - 10 = 5*x + 5, -q*g = -x - 12. Calculate the highest common divisor of g and 1.
1
Let n(h) = -54*h - 137. Let z be n(-8). Calculate the highest common divisor of 5 and z.
5
Let n(l) = 27*l**3 + 6*l**2 - 1. Let h be n(3). What is the greatest common divisor of h and 34?
34
Let o = -816 - -1107. Calculate the greatest common divisor of o and 3.
3
Suppose 3*c = 7*c - 5*j - 888, c + 4*j = 201. What is the greatest common factor of 28 and c?
7
Suppose 3*k + 4 = 2*s - 2, -4*k - 3*s + 9 = 0. Suppose -r + 4*v + 404 = k, -r - r - v = -790. What is the greatest common divisor of r and 36?
36
Let w(z) = -2*z**2 + z**2 + 2*z**2 + 1. Let l be w(-7). Calculate the highest common divisor of l and 10.
10
Let a(l) = 32*l**2 + 3*l + 15. Let k be a(0). What is the highest common factor of 360 and k?
15
Suppose 24*w = w + 207. Let o be 7 - ((1 - 1) + 1). Calculate the highest common factor of o and w.
3
Suppose -2396 = 36*y - 9776. What is the highest common divisor of 123 and y?
41
Suppose 0 = -4*y - 18 - 22. Let s(q) = -18*q. Let p be s(y). Calculate the highest common divisor of 20 and p.
20
Suppose 5*y + 2 = 4*l + 18, -2*y + 8 = 0. Let b be 19 - (0 + l/1). Suppose 7*k - 81 - 3 = 0. Calculate the highest common factor of b and k.
6
Let l(d) be the second derivative of d**4/2 + d**3/6 + d**2 - 7*d. Let z be l(-2). What is the highest common factor of z and 264?
24
Suppose 14 = -13*u + 53. What is the greatest common factor of u and 33?
3
Let d = -410 - -524. What is the greatest common divisor of 30 and d?
6
Let z = -3020 - -3024. Let w = -98 - -170. Calculate the highest common factor of z and w.
4
Let f be (12/(-10))/(1/(-200)). Suppose 3*b - f = -b. Let n(j) = -j**3 - 4*j**2 - 2*j + 22. Let r be n(-4). What is the highest common factor of r and b?
30
Let q be (2 + 62 + 2)*9. Let t(b) = -b - 9. Let l be t(-11). Suppose l*j - q = -j. Calculate the highest common factor of j and 18.
18
Let i be (-2)/(-6) + (-334)/(-6). Let k be 7*((0/3 - (8 - 5)) + 5). What is the greatest common divisor of i and k?
14
Let c be 9/(27/120) + 1. Suppose 2*s = 2, -s = -0*j + 5*j - c. Calculate the highest common factor of 40 and j.
8
Let z = 8 - 6. Suppose -z*q = 5*k - 17, -5*q - 6*k + k = -80. Calculate the highest common factor of q and 147.
21
Let i be 22/(3 - 1)*-1. Let b(h) = h**2 - 3*h - 16. Let d be b(i). Suppose -d = f - 3*f. Calculate the highest common factor of f and 23.
23
Let y(u) = 9*u + 80. Let w be y(2). What is the greatest common factor of w and 14?
14
Let o(u) = 8*u**2 + u + 2. Suppose -5*w + 1 = 3*p, -3*p + 3 = -4*p. Let b be o(w). Calculate the highest common divisor of 4 and b.
4
Let a(r) = r**2 - 6*r - 6. Let l be a(9). Suppose 4*m + 8 = 0, -2*v - 258 = -6*v + 3*m. Calculate the greatest common factor of v and l.
21
Let b(m) = m**3 + 11*m**2 - 13*m + 4. Suppose 9 = -2*c - 15. Let i be b(c). Let s(v) = 11*v - 1. Let r be s(3). Calculate the highest common divisor of i and r.
16
Let w be (-4 - 0) + (8 - 5 - -358). Calculate the greatest common factor of 147 and w.
21
Let s = 17 + -27. Let z be (-48)/(-80) + (-944)/s. What is the greatest common factor of z and 19?
19
Let q be (8 - 1)/(3/